n 18928428 is divided by 70?
8
What is the remainder when 71609 is divided by 134?
53
What is the remainder when 1967633 is divided by 493?
70
What is the remainder when 6938 is divided by 105?
8
Calculate the remainder when 199043 is divided by 8293.
11
Calculate the remainder when 3128797 is divided by 3128758.
39
Calculate the remainder when 1236217 is divided by 1575.
1417
What is the remainder when 1647468 is divided by 1207?
1120
Calculate the remainder when 7664862 is divided by 13.
10
Calculate the remainder when 912128 is divided by 2917.
2024
Calculate the remainder when 634469 is divided by 5984.
165
Calculate the remainder when 32820143 is divided by 798.
797
What is the remainder when 4437578 is divided by 1382?
1358
What is the remainder when 10464198 is divided by 85?
18
Calculate the remainder when 3576074 is divided by 969.
464
Calculate the remainder when 18862663 is divided by 401.
24
What is the remainder when 96276 is divided by 94563?
1713
What is the remainder when 263293 is divided by 1049?
1043
Calculate the remainder when 2413652 is divided by 47.
14
Calculate the remainder when 130724616 is divided by 883.
881
Calculate the remainder when 6482208 is divided by 236.
232
Calculate the remainder when 15852 is divided by 15840.
12
What is the remainder when 8379669 is divided by 654?
621
Calculate the remainder when 166146351 is divided by 198.
195
Calculate the remainder when 52357 is divided by 1893.
1246
Calculate the remainder when 650563 is divided by 299.
238
Calculate the remainder when 192000682 is divided by 454.
450
What is the remainder when 2426946 is divided by 12074?
72
Calculate the remainder when 14348155 is divided by 128.
123
What is the remainder when 10513247 is divided by 786?
497
What is the remainder when 364128 is divided by 780?
648
Calculate the remainder when 270284035 is divided by 2753.
1
Calculate the remainder when 101739 is divided by 3943.
3164
Calculate the remainder when 110902 is divided by 4424.
302
What is the remainder when 6058891 is divided by 106295?
76
What is the remainder when 3302002 is divided by 764?
758
Calculate the remainder when 1619490 is divided by 4262.
4192
What is the remainder when 25398 is divided by 7718?
2244
Calculate the remainder when 49033 is divided by 12229.
117
What is the remainder when 19758001 is divided by 97330?
11
What is the remainder when 56134 is divided by 13565?
1874
Calculate the remainder when 8829 is divided by 626.
65
Calculate the remainder when 936319 is divided by 13183.
326
Calculate the remainder when 12906961 is divided by 2262.
2251
What is the remainder when 6875381 is divided by 245547?
65
Calculate the remainder when 623702 is divided by 34648.
38
What is the remainder when 466848 is divided by 2030?
1978
What is the remainder when 52239288 is divided by 23941?
26
Calculate the remainder when 9765018 is divided by 644.
46
What is the remainder when 451382 is divided by 5015?
32
What is the remainder when 45211 is divided by 43864?
1347
What is the remainder when 1089250 is divided by 435?
10
Calculate the remainder when 255223826 is divided by 1731.
1724
What is the remainder when 78942 is divided by 1384?
54
What is the remainder when 1506354 is divided by 21830?
84
Calculate the remainder when 1285484 is divided by 1761.
1715
Calculate the remainder when 16914480 is divided by 24585.
0
Calculate the remainder when 7372704 is divided by 223406.
306
What is the remainder when 35791018 is divided by 18?
16
What is the remainder when 92989810 is divided by 1324?
1318
Calculate the remainder when 193249 is divided by 1440.
289
What is the remainder when 488910 is divided by 244365?
180
What is the remainder when 314953 is divided by 416?
41
What is the remainder when 21229989 is divided by 51529?
41
What is the remainder when 6589719 is divided by 829?
827
Calculate the remainder when 35356 is divided by 1968.
1900
What is the remainder when 2219101 is divided by 669?
28
What is the remainder when 3867164 is divided by 4745?
4734
What is the remainder when 4566689 is divided by 3096?
89
What is the remainder when 901098 is divided by 450446?
206
What is the remainder when 380473 is divided by 12682?
13
Calculate the remainder when 1897143 is divided by 55.
28
Calculate the remainder when 2342800 is divided by 1062.
28
What is the remainder when 247281 is divided by 26?
21
What is the remainder when 270738397 is divided by 518?
517
Calculate the remainder when 2403079 is divided by 54.
25
Calculate the remainder when 1070201 is divided by 267106.
1777
What is the remainder when 28167973 is divided by 1881?
1879
What is the remainder when 469912 is divided by 148?
12
What is the remainder when 11002 is divided by 10926?
76
Calculate the remainder when 76343 is divided by 4805.
4268
What is the remainder when 557647 is divided by 8146?
3719
Calculate the remainder when 5978533 is divided by 996420.
13
Calculate the remainder when 19770403 is divided by 14316.
7
Calculate the remainder when 1151813 is divided by 95964.
245
What is the remainder when 50887 is divided by 16606?
1069
Calculate the remainder when 185179 is divided by 43.
21
What is the remainder when 238179839 is divided by 120?
119
What is the remainder when 108996 is divided by 27044?
820
What is the remainder when 173648 is divided by 34719?
53
Calculate the remainder when 21992 is divided by 4064.
1672
Calculate the remainder when 1487909 is divided by 185936.
421
Calculate the remainder when 341468583 is divided by 42.
15
What is the remainder when 3281533 is divided by 51?
40
Calculate the remainder when 9500443 is divided by 132.
7
What is the remainder when 33329122 is divided by 16664559?
4
Calculate the remainder when 696970 is divided by 687.
352
Calculate the remainder when 245169 is divided by 22214.
815
Calculate the remainder when 1875793 is divided by 28421.
7
Calculate the remainder when 5317865 is divided by 269.
4
What is the remainder when 3224556 is divided by 1315?
176
Calculate the remainder when 4887204 is divided by 18.
6
What is the remainder when 28339488 is divided by 1368?
0
What is the remainder when 251675 is divided by 1337?
319
Calculate the remainder when 23418011 is divided by 3334.
3329
What is the remainder when 627691762 is divided by 588?
586
What is the remainder when 5644658 is divided by 404?
374
What is the remainder when 458152 is divided by 2917?
183
What is the remainder when 6964658 is divided by 2282?
2276
What is the remainder when 3844685 is divided by 229?
4
What is the remainder when 2466253 is divided by 128?
77
What is the remainder when 2601078 is divided by 24084?
6
Calculate the remainder when 110587415 is divided by 186.
185
Calculate the remainder when 9501036 is divided by 58.
56
What is the remainder when 282838 is divided by 3220?
2698
Calculate the remainder when 4515 is divided by 442.
95
What is the remainder when 17083235 is divided by 8541588?
59
Calculate the remainder when 319124 is divided by 1232.
36
Calculate the remainder when 12050496 is divided by 3012571.
212
What is the remainder when 5793396 is divided by 2711?
2700
Calculate the remainder when 98479 is divided by 3465.
1459
Calculate the remainder when 14200350 is divided by 16.
14
Calculate the remainder when 51506 is divided by 1072.
50
What is the remainder when 609869 is divided by 71?
50
Calculate the remainder when 65311563 is divided by 121.
119
What is the remainder when 82657 is divided by 2593?
2274
What is the remainder when 1068188 is divided by 169?
108
What is the remainder when 1651372 is divided by 47?
27
Calculate the remainder when 37166608 is divided by 187710.
28
What is the remainder when 5958 is divided by 2141?
1676
What is the remainder when 5698000 is divided by 925?
0
What is the remainder when 5208562 is divided by 148?
146
What is the remainder when 12318 is divided by 2677?
1610
What is the remainder when 9786 is divided by 2021?
1702
Calculate the remainder when 154062 is divided by 251.
199
What is the remainder when 2299833 is divided by 1171?
1160
Calculate the remainder when 2064797 is divided by 7619.
48
What is the remainder when 435176349 is divided by 17?
13
What is the remainder when 2811874 is divided 